(-91 + 65)) + 4
26
Evaluate -28 + 4 + -2 + 38.
12
Evaluate -12 + -27 + 22 + 22.
5
Calculate 1 - -6 - 3 - -10 - (-14 - -17).
11
What is the value of (-5 - (-16 + 11)) + (-4 + -11 - 8)?
-23
Evaluate -2 - (-23 + (4 + (10 - 3) - 17)).
27
Calculate -8 + -5 - (-17 + -1).
5
What is (0 - (0 - -6)) + 20 + (-17 - -23)?
20
What is the value of 0 - 32 - (-96 - -42)?
22
-6 - ((-8 - -2) + -1) - 11
-10
What is the value of (-3 + 2 - -2) + (9 - (20 - 12))?
2
(-11 - (35 + -29 + 1 + -10)) + 7
-1
Calculate -19 - -1 - (-2 - 4) - (-4 + 0).
-8
What is the value of 12 + (-21 - (-16 - -21))?
-14
Evaluate -20 - (-3 - (18 - 24)) - 4.
-27
Evaluate -6 + -1 + (177 - 191).
-21
What is the value of (15 + -8 - 24) + 12?
-5
What is the value of 8 - ((2 + 3 + -10 - 0) + -9)?
22
Evaluate (120 - 62) + (-6 - 29).
23
(-2 - (2 - 2)) + -23 + 18
-7
What is the value of 6 - (-23 - -12 - -20)?
-3
Calculate 20 + (-17 - -8) + 1.
12
What is the value of 19 - ((20 - 29) + 31)?
-3
Calculate -2 - (0 - 4) - ((-10 - -6) + -4).
10
Evaluate (-1 - (3 - 2)) + 1 + -4.
-5
Calculate -10 + 15 + -7 + 1 + 12 - -4.
15
(-6 - (-3 + 5 + -5 - -2)) + 14
9
What is the value of -6 + 0 + 21 + (-23 - -17)?
9
13 + -7 + 7 + -21 - -12
4
What is 5 - (-8 + 2 + 4 - -4) - 2?
1
(5 - -2 - 0) + 6
13
-10 + 1 + -4 + (-19 - -19)
-13
Evaluate 29 + (-7 - (10 + 0)) + 5.
17
What is the value of (33 - 15) + -32 - -4?
-10
Calculate -36 - (35 + -59 + -7).
-5
(-3 - 2 - (4 - 14) - 3) + 9
11
703 + -704 - ((0 - -1) + 5)
-7
What is the value of 47 + 0 - (1564 - 1552)?
35
What is the value of -17 - ((15 - -8) + -9) - (1 - 9)?
-23
What is 279 - 293 - ((-33 - 0) + -1)?
20
What is the value of -5 + -2 + 6 - (-7 + -1)?
7
Calculate (1 - (-5 - 0)) + 4 + 5 + -28.
-13
-24 + (-13 - -18 - -15)
-4
Calculate 62 + -47 + -55 + (0 - -12).
-28
What is (17 + 3 - 0) + (16 - 6) + -11?
19
What is the value of 0 + 1 + (22 - (26 + (-21 - 7)))?
25
What is -2 + -8 + 12 - (-18 + 2)?
18
What is the value of -9 + (2 - -11 - 4) + 12?
12
27 + -3 + (-3 + -4 - (-16 + 5))
28
What is the value of -411 + 419 - (-6 - 1)?
15
What is the value of 15 - (44 + -12 + -10)?
-7
What is 18 + (18 - -17) + -32?
21
(-1 - -12) + (8 + 6 - 26) + -21
-22
Evaluate (0 - 9) + (-2 - (-1 + -7 + 3)).
-6
-4 - (-19 + -7 - -16) - 8
-2
What is the value of (2 - 25) + (624 - 628)?
-27
Evaluate -5 - -3 - 0 - (86 + -81).
-7
5 + 21 - (3 + 2)
21
1 + -10 + (0 - 5 - -2)
-12
What is the value of (11 + 8 + -14 - 1) + 7?
11
Calculate 329 + -328 - (-1 + -9 + 1).
10
What is the value of (-23 - (4 + -2)) + (-12 - (-11 + -10))?
-16
-5 + (-9 - -26) - -2 - -1
15
Evaluate 11 - (-2 + 3) - (19 + 19).
-28
Calculate -22 + 29 + 6 + -13 + (-1 - 1).
-2
What is 16 + -11 - ((-10 - -11) + 1 + 0)?
3
Evaluate 7 - (1 - 0) - ((-14 - 46) + 90).
-24
What is the value of 3 - (3 - (-1 + 0)) - (-2 + 11)?
-10
Calculate 14 + (14 - (16 + 1)).
11
Calculate -6 + (-8 - -27) + -14.
-1
-5 + (0 + -1 - (3 - -3 - 14))
2
Calculate (-3 - (12 - (1 - -10))) + (12 - 0).
8
Calculate -16 - (6 + -17) - 0.
-5
Evaluate 7 - (-40 + 21 + 17).
9
What is -4 - 1 - (-409 - -409)?
-5
Evaluate 12 + -15 + -10 + 3 + -1.
-11
What is the value of 3 + 1 + (4 - 5) + -10?
-7
Calculate -23 + (-10 - -6) - -37.
10
Evaluate 2 - (6 + -3) - (-63 - -84) - 9.
-31
60 + -70 + -8 + 1
-17
Evaluate -27 + 18 + -7 - (3 + (-8 - 5)).
-6
What is 14 + (20 + 0 - (27 - 24))?
31
What is the value of 14 - (12 + (-2 - -15)) - (0 + -2)?
-9
What is the value of 0 - (45 + -27) - -6?
-12
What is the value of 9 - (2 + -4 - (5 + -5))?
11
Evaluate -6 + (-3 - -7) + -10 + -5 + 42.
25
(-5 - -23) + -2 + -19
-3
Evaluate 1 - (-3 - (-4 - -4 - 3)).
1
Evaluate -26 + 60 + -9 - 3.
22
(7 - (-17 - -14)) + -8 - (-26 - -1)
27
What is the value of -143 + 131 + 19 + -1?
6
Evaluate (-12 - -11) + 23 - -3 - (3 + 0).
22
8 - (-5 + 1 - (27 - (2 + 17)))
20
Calculate (29 + -48 - -19) + (1 - 0 - -4).
5
(10 - 13) + 14 + -26
-15
Evaluate (7 - -1 - (50 - 38)) + 1 - 10.
-13
What is the value of 1 + -1 - -1 - 8 - (-2805 + 2826)?
-28
What is the value of (-8 - -5) + 1 - (-10 - -8)?
0
What is 1 + -1 + (-20 - -9)?
-11
Calculate -20 + (33 - (6 + 12)).
-5
What is the value of (-30 - -23) + 5 + 4 - (2 - 0)?
0
-3 + -24 - (-3 + -7) - -11
-6
Evaluate -13 - (7 - 29) - 2.
7
17 + (8 - 43) + 9
-9
What is the value of (-3 - -1) + -7 + 3 + 1 - 7?
-12
4 - (10 - -1) - ((-2 - 4) + 4)
-5
What is the value of -14 + 28 - 8 - 17?
-11
What is 7 + -8 - (-12 + (-11 - -1))?
21
Evaluate (-11 - (0 - 4)) + -6 + 12.
-1
What is the value of 1 + 24 + -18 + 7?
14
Evaluate -2 - (-13 + -8 + 13) - -3.
9
What is -3 - (-5 - -8 - (-20 + 38))?
12
What is -2 - (4 - (3 - 2) - (38 - 37))?
-4
-12 + 22 - ((3 - (0 + 2)) + 4)
5
What is 0 + -2 - 0 - (6 + 15 + -17)?
-6
(18 - (7 - 5)) + 5 + -15 + 6
12
Evaluate (3 - 1 - -1) + (27 - (41 + 0)).
-11
Calculate (47 - 49) + (2 - (-2 + -3)).
5
32 + -26 - -3 - 20
-11
0 + (-18 + 16 - 10)
-12
Calculate 96 + -56 - 28 - (1 + -12).
23
What is 25 + (-16 - (29 - 1))?
-19
8 + (-7 - (-16 + 3)) + 1
15
Evaluate 4 + 0 + -2 + 7 + 5 + -1.
13
Evaluate 1 + -17 - (9 + -3 + -4).
-18
Calculate 1 + (2 - 20 - -25).
8
Evaluate -7 + (11 - 6) + -9.
-11
18 - ((52 - 7) + -20)
-7
What is the value of -19 - (-8 - -2) - -16?
3
What is the value of 13 + (-10 - (-14 + 14))?
3
Evaluate -98 - -71 - (-28 + 2).
-1
What is -1 - (12 - -1) - -11?
-3
What is the value of 18 + (15 - (20 - -17))?
-4
What is (0 - 13) + (-34 - 38 - -54)?
-31
-31 - -1 - (513 - 519)
-24
What is 4 - (-6 - -3) - (21 - 4) - 4?
-14
Calculate (-6 - -7) + -11 + 12 + (0 - -7).
9
-9 + (10 - 7) - (-7 - -10)
-9
What is -11 + -2 + 50 + -24?
13
What is 4 + 1 + -22 + 40 + -39?
-16
What is -8 - -19 - (15 - -3)?
-7
What is 22 - (-23 + 38 + -12)?
19
Calculate 32 - (-37 - (6 + -82)).
-7
What is the value of 2 + (7 - 11) - (3 + 6)?
-11
12 - (35 + -48 + 25)
0
Calculate 4 + -2 - (7 - -1) - (-13 - 6).
13
Calculate -11 - -8 - (-2 + -10 + 14).
-5
What is 4 + -3 + (23 - 12)?
12
What is 46 + (-51 - -4) + (7 - (0 + -1))?
7
What is the value of -2 + (-112 - -116 - (-5 + 1))?
6
Evaluate 4 + -1 - ((-5 - -41) + -17 - 18).
2
Calculate 6 + -8 + -14 + 11 + 18.
13
34 - (16 + (42 - 34))
10
What is the value of -25 + (17 - 0 - -13)?
5
Calculate 3 + -16 + (1 - -21).
9
Evaluate 20 - (0 - (-23 + -13)).
-16
Calculate -1 + 13 + -11 + 2 + (33 - 27).
9
(0 - -11) + (24 - (22 + 6)) - 12
-5
Calculate 41 + -37 + -2 + -8 + -4 + 1.
-9
What is 3 + (-18 - (-16 - -12))?
-11
Evaluate (1 - 0) + 1 + (529 - 532).
-1
What is the value of (8 - 15) + 4 - 4 - (-8 + 1)?
0
What is the value of -36 + 38 + -3 - (-1 + 5)?
-5
What is the value of (-14 - (-17 + -2)) + 1 + -2 + -10?
-6
3 + (-8 - (-12 - (6 - 12))) - -4
5
-2 - -10 - (-3 - 8 - -6 - 1)
14
What is the value of 11 - (-9 + 2 + -2 + 22)?
-2
Evaluate (-4 - (-2 + -1)) + 20 + -32.
-13
-7 + (4 - (12 + -4 - (-4 - -3)))
-12
Evaluate -13 - ((35 - 69) + 51).
-30
(29 - 48) + (-2 + 6 - 3)
-18
What is the value of -6 + (9 - ((-1 - 0) + 3)) + -4?
-3
What is (9 - 4) + -10 + 5 + -3 + -11?
-14
What is the value of -2 + (34 + -15 - 1)?
16
5 - (-6 + 12) - (-1 + 8)
-8
What is the value of -30 - ((13 + 5 - 4) + -6)?
-38
What is the value of -7 - (9 - (23 - (-8 + 14)))?
1
Evaluate 15 - (-15 + 54 - 0).
-24
What is the value of -12 + -11 + (3 - 8) + 10?
-18
Calculate 31 - 4 - (-248 + 259).
16
Calculate 8 + -5 + 5 - ((-4 - 0) + -2).
14
What is the value of -6 + 5 + 15 + -10?
4
What is the value of (14 - (-6 + 3)) + -1 + (-4 - 0)?
12
What is (-1 + 0 - -2) + 24 - (802 - 794)?
17
What is -15 + 0 + (-51 - -42) + (0 - -15)?
-9
What is the value of (10 - 1) + (-142 - -140)?
7
What is the value of (-10 - (-6 + -3 + 7)) + (15 - 18)?
-11
Evaluate (0 - 0 - -9) + 60 + 62 + -103.
28
What is 0 + (-4 - -10) + (13 - 2)?
17
Evaluate (30 - (-28 - -94)) + 10.
-26
What is the value of (-3 - 6) + (0 - -4)?
-5
Evaluate 56 + (-10 - 48) + (0 - -1).
-1
Evaluate 13 - (-32 - -22 - -20).
3
What is 3 - (-5 + (-10 + 3 - (-11 - 2)))?
2
Evaluate -1 - (-19 + 24 - (0 - (-3 + 1))).
-4
Calculate -6 - (-8 + -3) - 0 - -6.
11
Calculate 1 + (4 - -1) - (4 - (-4 + 7)).
5
What is 16 - ((8 - 4 - -4) + 1) - 28?
-21
Evaluate 7 - 1 - 30 - -45.
21
-3 + -6 + (20 - 12 - -3)
2
What is (-1 - (-1 + (-8 - -16))) + 7 + -14?
-15
Evaluate 1 + (9 - (4 - -5)).
1
-10 + (-24 + 12 - -17 - 5)
-10
Calculate -1 + 7 + (22 - 0) + (-841 - -820).
7
What is 9 + 16 + (0 - -1) + 3?
29
What is (